+ 4*u. What is g(l)?
-1
Let f(x) = x**3 + 8*x**2 - 18. Let b(j) = 2*j**2 + 23*j + 56. Let g be b(-7). Calculate f(g).
31
Let s(k) = -3*k**2 + 10*k - 17. Let h(z) = 3*z**3 + 44*z**2 + 30*z + 30. Let v be h(-14). Give s(v).
-9
Let y = -394 - -376. Let c(q) = -4*q**2 + 12 - 25*q + 0*q**2 - q**2 + 8*q + 4*q**2. Give c(y).
-6
Let b(t) = -t + 3. Let u(a) = a - 5. Let k be u(3). Let r be (-6 + 5)/(k/4). Suppose 2*v - 36 = -r*v. Determine b(v).
-6
Let o(u) = -32*u**2 + 2. Let p = 5973 - 5972. Determine o(p).
-30
Let w(k) = -5*k**2 + 11*k - 7. Let r(t) = -2*t**2 + 5*t - 3. Let f(p) = 7*r(p) - 3*w(p). Suppose 3*x - 18 = -792. Let j = -261 - x. What is f(j)?
3
Suppose -j + 2 = -5*z + 16, -2*j - z + 5 = 0. Let y be 3 + j + -3 + -4. Let b(h) be the second derivative of -h**3/2 + h**2/2 - 2*h. Give b(y).
10
Let q(s) be the third derivative of -s**5/60 + s**4/6 + 2*s**3/3 + 15579*s**2 - 2*s + 2. Let o = 4 - -1. Determine q(o).
-1
Let d = 5032 - 5030. Let z(c) be the first derivative of -d*c**3 + 16 - 7/2*c**2 - 4*c - 1/4*c**4. Give z(-4).
-8
Let j(m) be the third derivative of m**6/120 - m**5/60 + 2*m**3 - m**2. Let q(u) = -u**3 + 30*u**2 + 26*u - 780. Let p be q(30). Calculate j(p).
12
Let o = 4068 + -4082. Let a(n) = n + 12. Calculate a(o).
-2
Let t(s) = -25*s + 53. Let u be t(2). Let w(b) = 3*b**2 - 2*b + 953 - u*b + 5*b - 955. Let m be (1 + (-4)/1)/(-1). Calculate w(m).
25
Let h(n) = -4*n - 5. Let i(c) = 5*c + 5. Let d(p) = 4*h(p) + 3*i(p). Let f(z) = -6*z**2 - 232*z + 232. Let l be f(1). Calculate d(l).
1
Let h(v) = 20*v - 7. Suppose -j - 21*t + 19*t - 2 = 0, 2*t = -2*j + 4. Let m(k) = -57*k + 21. Let c(q) = j*m(q) + 17*h(q). What is c(3)?
1
Suppose f - 9 = -4*i, -2 - 1 = 3*i. Let a(u) = -6*u + 82. Let k be a(f). Let g(n) = n**3 - 5*n**2 + n + 3. Determine g(k).
-9
Let i(z) = z**3 - 8*z**2 - 15*z + 8. Let f be (-210)/(-560) - 69/(-8). Determine i(f).
-46
Suppose -9 = -5*m - 3*g, -2*m + 6 = -0*m + 2*g. Suppose -4*s + 3*i = -45, -i = s - m*i - 20. Let k(h) = 7 - s*h**3 + 25*h**3 - 11*h**3 - 5*h**2. What is k(-5)?
7
Suppose 6840 = -11*k + 6818. Let p(o) = -3*o**3 - 2*o**2 + 2*o. Let m(s) = 16*s**3 + 10*s**2 - 11*s - 1. Let w(b) = -2*m(b) - 11*p(b). Determine w(k).
2
Suppose 144*h - 54 = 153*h. Let p(b) = -7*b**2 - 44*b + 2. Give p(h).
14
Let f(k) = -8*k**2 - 241*k - 7. Let h be f(-30). Let d(i) = i**2 - 23*i + 5. Give d(h).
5
Let y be 2 - 5 - (-4)/2*1. Let l(m) = -12*m**3 - 67*m**2 + 1 + 68*m**2 - 4*m + 5*m. Give l(y).
13
Let y be (-12 + -1)/1 - -3. Let j be (5/(75/y))/((-6)/(-99)). Let w(u) = u**3 + 11*u**2 + 2. Let s be w(j). Let t(a) = a**2 - a + 1. Give t(s).
3
Let c(h) = -h**3 - 20*h**2 - 3*h - 673 + 2*h**3 - 18*h + 638. Give c(21).
-35
Suppose 17 = -4*o - q, 0 = 3*o + 4*q + 7 + 22. Let l be 17 - 12 - (0 + -3)/o. Let i(g) = -6*g + 5. Determine i(l).
-19
Let f = 7 + -7. Suppose f = -5*q + 60 - 0. Let r be (8/q)/((-4)/(-6)). Let z(p) = p**3 - p**2 + p - 1. Determine z(r).
0
Let o = 1432 + -1435. Let h(v) = -8*v + 1. Calculate h(o).
25
Suppose 98 = 2*f + 74. Suppose 0 = 8*x - 4*x - f. Let a(r) = -4*r**2 + 0*r**2 + x*r**2 - 5*r - 5 + 15. What is a(-7)?
-4
Let p be (-5)/(15/34 - (-3)/(-6)). Let o = p + -45. Let b(n) = 102 - o - 52 - n. Give b(8).
2
Let a = 11962 - 11969. Let j(z) = z**3 + 8*z**2 + 7*z + 9. What is j(a)?
9
Let t(p) = -8 + 84*p**3 - 368*p**3 + 93*p**3 + 106*p**3 - 7*p**2 + 84*p**3. Calculate t(-7).
-8
Let b = 0 + 3. Let z(n) = -10*n**2 - 7*n + 11. Let d(l) = -14*l**2 - 8*l + 15. Let t(x) = 3*d(x) - 4*z(x). Calculate t(b).
-5
Let u(k) = 2*k - 10. Suppose 5*q - 17 = 4*q - 14. What is u(q)?
-4
Let f = -119 + 123. Let c(i) = 2*i + 3 + f*i - i - 6*i. Suppose 22 = 5*l - y, -y = -4 + 1. Determine c(l).
-2
Let q(g) be the second derivative of 1/6*g**4 + g**3 + 2*g**2 + 0 - 30*g. Calculate q(-4).
12
Let r(v) = v**3 - v**2 + v - 24. Let h = -50 - 8. Let j be (-2)/4*(h - (9 - 5)). Let t = j - 31. What is r(t)?
-24
Let g(c) = -2*c - 23. Suppose 114*v = 113*v. Suppose v = 3*b - 9 + 30. Give g(b).
-9
Let v(y) = -28*y + 7. Let j(l) = -53*l + 16. Let o(x) = 3*j(x) - 7*v(x). Calculate o(3).
110
Let w(j) be the second derivative of -j**6/360 + 5*j**5/24 - 179*j**4/12 - 155*j. Let z(t) be the third derivative of w(t). Determine z(12).
1
Suppose -a + 4*r = -75 - 44, -a = -3*r - 117. Suppose 0 = -95*x + a*x - 240. Let g(b) = -b**3 + 14*b**2 + 14*b + 20. Calculate g(x).
5
Let a(q) = 6*q**2 + 61*q - 20. Let i = 51 + -49. Let h(v) = 12*v - 1 - 6 - 1 + v**i + 4. Let c(f) = -2*a(f) + 11*h(f). What is c(7)?
17
Let n(r) = -4*r - 10. Let y(t) = -12*t - 29. Let h be (-32)/8*(-1 - (-2)/8). Let p(o) = h*y(o) - 8*n(o). Give p(-5).
13
Let m(y) = -y**3 + 655405*y - 14*y**2 - 655412*y + 2*y**2 + 9. What is m(-10)?
-121
Let h(b) = 37 - 10 + 57730*b - 57731*b. Determine h(19).
8
Let w = -239 + 269. Suppose -13*m = -w - 48. Let g(a) = -a**3 + 5*a**2 + a + 7. Give g(m).
-23
Let l(x) = -5*x - 8. Let i be l(-3). Let f = 10 - i. Let j(k) = -3 + 5 + f*k - k**2 + 2*k. What is j(7)?
-12
Let v(r) = -2*r**2 + 175*r + 265. Let w be v(89). Let b(u) = -45*u - 1. What is b(w)?
89
Let n(p) be the third derivative of 0 + 0*p + 19*p**2 - 1/30*p**5 + 1/3*p**4 - p**3. Calculate n(6).
-30
Let a(u) = -2*u - 34. Let s(w) = 4*w - 294. Let t(k) = -2*a(k) + s(k). Calculate t(28).
-2
Let w(f) = -f**3 + f**2 + 6*f - 15. Let l = -8596 + 8599. Determine w(l).
-15
Let c(l) = 12*l + 74. Let n(o) = 10*o + 74. Let a(s) = -3*c(s) + 4*n(s). Give a(-17).
6
Let l(w) be the first derivative of 7*w**4/4 - w**3/3 + w**2/2 + w - 1524. Determine l(-1).
-8
Let f(k) be the first derivative of -k**7/30 + k**6/180 - k**4/24 + 35*k**3/3 - 104. Let b(c) be the third derivative of f(c). What is b(-1)?
29
Let c(o) = o**2 - 4*o - 6. Let p(d) = d**2 - 2*d + 27. Let s(k) = -2*k**2 + 3*k - 25. Let f(z) = 3*p(z) + 2*s(z). Let j be f(-5). Calculate c(j).
6
Let l(u) = -3*u - 18. Suppose 23*y + 768 = -41*y. Give l(y).
18
Let t(y) = -60*y + 131. Let d(q) = 79*q - 175. Let o(i) = -7*d(i) - 9*t(i). Give o(7).
-45
Let q(z) = 4*z + 4. Suppose -5 = 2*j - 3*a, -17 = -j - 2*a - 16. Let b(i) = -i + 1. Let g(l) = j*q(l) - 3*b(l). Let d(r) = -r + 4. Let s be d(9). Give g(s).
-2
Suppose -77*v - 6*v = 237*v + 1920. Let j(y) = y**2 + 9*y + 26. Determine j(v).
8
Let g(r) = 3*r - 2. Suppose -5*d + 5 = 5. Suppose 11*s - 6*s + 20 = d. Let l be 3 + (10/s + 2)*0. What is g(l)?
7
Let h(q) = -q - 31. Let c(b) = 37. Let l(d) = -2*c(d) - 3*h(d). Calculate l(-3).
10
Suppose 23*t - 34 = 104. Let c be 3 - (-6)/(-3) - -7. Let x(v) = c*v - 2*v**2 - v**3 + 7*v**2 - 2 - 2. Calculate x(t).
8
Let x(r) = -18*r**3 + 1949829 - 1949831 - 8*r**2 + 4*r**3. Determine x(-1).
4
Let w(d) = 2*d**2 + 2*d + 1. Let i be w(3). Suppose -5*o = i, 8*l - 13*l + 4*o = -15. Let z(h) = -4*h**3. Determine z(l).
4
Let h be -3 + 4 - 3 - -14. Suppose 4*o = 2*p + 12, 3*p - 4*o = -h - 0. Let n(f) = -7. Let z(b) = -b + 11. Let u(k) = 2*n(k) + z(k). Give u(p).
-3
Let w(k) be the first derivative of -k**3 + k**2/2 - 3*k + 1936. What is w(0)?
-3
Let u be -15 + 9 + (-42 - -49). Let k(o) = -10*o + 22. What is k(u)?
12
Let c(k) = -11*k + 24. Let s be (-3 + -1 + -6)*(-2)/4. Let u(n) = -s*n + 2*n - 8 + 7*n. Let q(f) = 3*c(f) + 8*u(f). What is q(8)?
0
Let p(k) = k**3 + 8*k**2 - 9*k + 20. Let g = 1894 - 1903. Calculate p(g).
20
Let a(u) = 106 + 2 - 128 - 8*u. Determine a(-5).
20
Let c(u) = u - 5. Suppose 4 = -11*i + 13*i. Suppose -5*x = i*v - 31 + 8, 0 = -2*v + 3*x - 1. Determine c(v).
-1
Let v(y) = -y**2 + 16*y - 14. Let u = -10 + 25. Let k be v(u). Let a(s) be the first derivative of 8*s**2 - s - 9. Calculate a(k).
15
Let a = 20 + -16. Suppose 6*q - a*q = 10. Suppose q*g = 6*g - 2. Let r(z) = -z**3 + z**2 - 2*z. What is r(g)?
-8
Let p be -4 - (-6 - -3) - 36/(-4). Let g(j) be the first derivative of -j**2/2 + 3*j - 542. Give g(p).
-5
Let m(b) = 4*b - 12. Suppose 93 = 3*k - 8*k - 3*g, 0 = 2*k - 3*g + 33. Let s = k + 26. Determine m(s).
20
Suppose 4*m = 4*v - 0*m - 212, v + 3*m = 49. Let j(t) = -55 - t**2 + v + 11*t - t**3 - 8*t. Calculate j(-3).
6
Suppose 10*g - 496 = -456. Let b(q) be the third derivative of -1/3*q**3 + 1/24*q**4 - g*q**2 + 0*q - 1/60*q**5 - 1/120*q**6 + 0. Calculate b(-3).
13
Let n(a) = a**3 + 6*a**2 - 9*a + 3. Let i be ((-8)/(-6))/((-200)/(-150)). Let j be 7*i*((-30)/6 + 4). Calcul